sands digit of 11993?
1
What is the thousands digit of 1716?
1
What is the thousands digit of 1995?
1
What is the thousands digit of 2303?
2
What is the hundreds digit of 414?
4
What is the thousands digit of 5600?
5
What is the tens digit of 9812?
1
What is the hundreds digit of 4255?
2
What is the hundreds digit of 1080?
0
What is the units digit of 6287?
7
What is the units digit of 912?
2
What is the hundreds digit of 2396?
3
What is the tens digit of 53959?
5
What is the ten thousands digit of 77940?
7
What is the tens digit of 2896?
9
What is the tens digit of 8579?
7
What is the units digit of 432?
2
What is the units digit of 27814?
4
What is the units digit of 14151?
1
What is the hundreds digit of 9357?
3
What is the hundreds digit of 771?
7
What is the tens digit of 57313?
1
What is the units digit of 28?
8
What is the units digit of 17874?
4
What is the hundreds digit of 7642?
6
What is the hundreds digit of 4389?
3
What is the tens digit of 16808?
0
What is the thousands digit of 1086?
1
What is the hundreds digit of 435?
4
What is the tens digit of 1348?
4
What is the tens digit of 1807?
0
What is the tens digit of 18110?
1
What is the tens digit of 7276?
7
What is the units digit of 2348?
8
What is the thousands digit of 5132?
5
What is the hundreds digit of 793?
7
What is the tens digit of 6233?
3
What is the hundreds digit of 1175?
1
What is the thousands digit of 5228?
5
What is the units digit of 7605?
5
What is the thousands digit of 4455?
4
What is the hundreds digit of 5821?
8
What is the hundreds digit of 2217?
2
What is the tens digit of 21859?
5
What is the hundreds digit of 40918?
9
What is the thousands digit of 7154?
7
What is the hundreds digit of 9364?
3
What is the units digit of 805?
5
What is the hundreds digit of 25786?
7
What is the ten thousands digit of 44252?
4
What is the hundreds digit of 4654?
6
What is the thousands digit of 3546?
3
What is the tens digit of 7954?
5
What is the units digit of 344?
4
What is the thousands digit of 71470?
1
What is the units digit of 38694?
4
What is the hundreds digit of 8038?
0
What is the thousands digit of 1412?
1
What is the tens digit of 1223?
2
What is the tens digit of 2538?
3
What is the thousands digit of 5240?
5
What is the ten thousands digit of 148607?
4
What is the tens digit of 41?
4
What is the thousands digit of 52123?
2
What is the hundreds digit of 7106?
1
What is the thousands digit of 8680?
8
What is the ten thousands digit of 43652?
4
What is the tens digit of 76300?
0
What is the thousands digit of 9495?
9
What is the ten thousands digit of 33090?
3
What is the hundreds digit of 8142?
1
What is the tens digit of 18390?
9
What is the hundreds digit of 253?
2
What is the thousands digit of 3173?
3
What is the tens digit of 24403?
0
What is the thousands digit of 9414?
9
What is the hundreds digit of 2762?
7
What is the ten thousands digit of 92702?
9
What is the thousands digit of 53612?
3
What is the tens digit of 2446?
4
What is the tens digit of 19688?
8
What is the tens digit of 2845?
4
What is the hundreds digit of 47127?
1
What is the hundreds digit of 1517?
5
What is the units digit of 9830?
0
What is the hundreds digit of 30580?
5
What is the hundreds digit of 33351?
3
What is the hundreds digit of 9056?
0
What is the thousands digit of 15255?
5
What is the thousands digit of 14205?
4
What is the tens digit of 2417?
1
What is the thousands digit of 1084?
1
What is the hundreds digit of 7961?
9
What is the hundred thousands digit of 117360?
1
What is the thousands digit of 1626?
1
What is the tens digit of 1081?
8
What is the tens digit of 26086?
8
What is the hundreds digit of 183190?
1
What is the ten thousands digit of 72045?
7
What is the units digit of 983?
3
What is the units digit of 14932?
2
What is the hundreds digit of 1110?
1
What is the hundreds digit of 23619?
6
What is the units digit of 6344?
4
What is the hundreds digit of 581?
5
What is the units digit of 1697?
7
What is the thousands digit of 109871?
9
What is the hundreds digit of 1734?
7
What is the hundreds digit of 22940?
9
What is the thousands digit of 31452?
1
What is the tens digit of 11678?
7
What is the units digit of 3406?
6
What is the tens digit of 744?
4
What is the tens digit of 183?
8
What is the tens digit of 8356?
5
What is the units digit of 202?
2
What is the tens digit of 87?
8
What is the units digit of 99?
9
What is the hundreds digit of 645?
6
What is the ten thousands digit of 10860?
1
What is the thousands digit of 1101?
1
What is the hundreds digit of 843?
8
What is the units digit of 2466?
6
What is the units digit of 1446?
6
What is the hundreds digit of 2259?
2
What is the thousands digit of 6708?
6
What is the tens digit of 45077?
7
What is the ten thousands digit of 27106?
2
What is the tens digit of 2814?
1
What is the thousands digit of 66864?
6
What is the units digit of 8094?
4
What is the units digit of 57432?
2
What is the tens digit of 146?
4
What is the tens digit of 226?
2
What is the hundreds digit of 641?
6
What is the tens digit of 31906?
0
What is the hundreds digit of 16428?
4
What is the units digit of 24671?
1
What is the thousands digit of 149322?
9
What is the units digit of 183416?
6
What is the tens digit of 59829?
2
What is the tens digit of 871?
7
What is the tens digit of 5888?
8
What is the tens digit of 1212?
1
What is the units digit of 8112?
2
What is the tens digit of 63412?
1
What is the tens digit of 6925?
2
What is the units digit of 3502?
2
What is the thousands digit of 16389?
6
What is the thousands digit of 6821?
6
What is the thousands digit of 1262?
1
What is the thousands digit of 10360?
0
What is the tens digit of 3608?
0
What is the tens digit of 5537?
3
What is the hundreds digit of 57337?
3
What is the tens digit of 16210?
1
What is the units digit of 5221?
1
What is the thousands digit of 1533?
1
What is the units digit of 2937?
7
What is the units digit of 60935?
5
What is the tens digit of 52212?
1
What is the tens digit of 19202?
0
What is the thousands digit of 12067?
2
What is the units digit of 8?
8
What is the tens digit of 936?
3
What is the tens digit of 46556?
5
What is the tens digit of 124375?
7
What is the units digit of 9654?
4
What is the hundreds digit of 10543?
5
What is the tens digit of 9350?
5
What is the units digit of 19497?
7
What is the ten thousands digit of 76893?
7
What is the hundreds digit of 84885?
8
What is the hundreds digit of 3190?
1
What is the ten thousands digit of 21739?
2
What is the hundreds digit of 9917?
9
What is the units digit of 5096?
6
What is the tens digit of 9355?
5
What is the tens digit of 1120?
2
What is the tens digit of 291?
9
What is the thousands digit of 13178?
3
What is the tens digit of 2847?
4
What is the tens digit of 4393?
9
What is the thousands digit of 105465?
5
What is the hundreds digit of 1882?
8
What is the thousands digit of 6918?
6
What is the units digit of 533?
3
What is the ten thousands digit of 51493?
5
What is the ten thousands digit of 13972?
1
What is the units digit of 538?
8
What is the tens digit of 6049?
4
What is the tens digit of 4385?
8
What is the hundreds digit of 35695?
6
What is the thousands digit of 9240?
9
What is the units digit of 1613?
3
What is the tens digit of 3184?
8
What is the units digit of 185?
5
What is the tens digit of 59929?
2
What is the units digit of 848?
8
What is the hundreds digit of 5364?
3
What is the thousands digit of 8706?
8
What is the units digit of 59045?
5
What is the ten thousands digit of 14856?
1
What is the hundreds digit of 16691?
6
What is the thousands digit of 62317?
2
What is the tens digit of 23934?
3
What is the thousands digit of 73574?
3
What is the units digit of 39645?
5
What is the tens digit of 3663?
6
What is the units digit of 8726?
6
What is the tens digit of 37035?
3
What is the units digit of 160?
0
What is the hundreds digit of 2920?
9
What is the units digit of 1301?
1
What is the ten thousands digit of 39853?
3
What is the ten thousands digit of 25226?
2
What is the hundreds digit of 3148?
1
What is the units digit of 136?
6
What is the tens digit of 484?
8
What is the units digit of 130059?
9
What is the tens digit of 577?
7
What is the hundreds digi